3). What is the greatest common divisor of c and m?
26
Let n = -1 - -3. Suppose 0 = -5*s, -n*r + r = -2*s - 3. Suppose -22*d - d + 2235 = 126*d. Calculate the greatest common divisor of r and d.
3
Let q(z) = 4*z - 2*z**2 + 5 + 3*z + z + 23*z**2 - 3. Let y be q(-2). What is the highest common factor of y and 1190?
70
Let o be 2/8 + 297/12. Let y(w) = -w**3 - 13*w**2 + 77*w + 4. Let n be y(7). Let u = n + 447. Calculate the highest common divisor of u and o.
5
Let k = 30 + -30. Suppose -15*o + 12*o + 12 = k. Let r be (2/o)/(1/304). What is the greatest common factor of r and 19?
19
Let v = 22626 + -22503. What is the highest common factor of 6519 and v?
123
Let t be 16/4*(-2025)/(-30). Suppose 2*z = z + 10. Calculate the greatest common factor of z and t.
10
Suppose -3*k - 12 = -5*u, 3*u + 0 - 12 = -3*k. Let y(l) = -36*l + 109. Let d be y(u). Calculate the highest common divisor of 83 and d.
1
Let x(l) = 2*l - 2. Let o be x(3). Let h = 571 + -567. Calculate the greatest common divisor of o and h.
4
Suppose 1620 = 10*f + 70. Let n = f - 120. Calculate the greatest common divisor of n and 35.
35
Suppose 133*k - 127*k = -1038. Let d = k - -181. What is the highest common divisor of 232 and d?
8
Let s(j) = 25*j + 333. Let p be s(-13). Let b be (-1 - 267/(-15))*20/6. What is the greatest common divisor of p and b?
8
Suppose -6*u + 2 = 2*v - u, 0 = -5*v - 2*u + 26. Suppose -104 = -c + v. Calculate the highest common factor of c and 66.
22
Let s be 24*(-204)/(-24)*-2*46/(-6). Calculate the greatest common factor of 8 and s.
8
Let v(s) = -s**3 - 2*s**2 + s - 3. Let w be v(-3). Let i = 613 + -319. Suppose -21*u = -35*u + i. What is the highest common factor of u and w?
3
Let u = 258 + -255. Suppose 12 = 3*x, -8*x = -u*z - 7*x + 116. Suppose -13 = -2*s - 3. Calculate the greatest common divisor of s and z.
5
Let u = 1059 + -972. Suppose -2*g = -0*g - 2*w + 112, 5*g - w + 288 = 0. Let l = g + u. What is the greatest common divisor of l and 319?
29
Let a(y) be the third derivative of y**5/30 - 7*y**4/12 - 73*y**3/6 + 76*y**2. Let t be a(-7). What is the greatest common factor of 82 and t?
41
Let c(i) = 10*i**2 - 18*i - 45. Let q be c(-4). What is the greatest common divisor of 1760 and q?
11
Let x be (182 + -2)/(-2)*((-66)/18 + 3). What is the greatest common factor of x and 620?
20
Let l = -22 - -222. Suppose 0 = -5*y - n + 200, -4*n = -5*y + n + l. Calculate the greatest common factor of y and 32.
8
Suppose 0 = -u + 10*g - 14*g + 26, -4*g - 14 = -3*u. Calculate the highest common divisor of 4130 and u.
10
Let m = -7185 + 7509. What is the greatest common factor of m and 9612?
108
Let s = 8 - 4. Let b(x) be the third derivative of -x**6/120 + x**5/15 + x**4/12 + 114*x**2. Let d be b(s). What is the greatest common factor of 40 and d?
8
Suppose 122*t = 104*t + 3330. Let o = t - 171. What is the highest common factor of o and 84?
14
Let i = -39 - -71. Suppose -15*c = -694 + 214. What is the highest common divisor of c and i?
32
Let r be 2*479 - (12 + -14). Suppose -223*j + 233*j = r. What is the highest common divisor of 32 and j?
32
Let t = -35 + 35. Suppose t = -c - 6 + 16. Let v = 38 - c. What is the greatest common factor of 4 and v?
4
Suppose 14*g - 14019 - 642 - 1131 = 0. What is the highest common divisor of g and 192?
24
Let d be (-6*15/360)/(2/136). Let g(q) = -2*q**2 - 33*q + 19. Let k be g(d). What is the highest common divisor of k and 18?
2
Suppose 2*z = 12*z - 7990. What is the greatest common factor of z and 119?
17
Let c(k) = 113*k**2 - 4. Let u be c(3). Let y = -894 + u. Let t(i) = -i + 17. Let d be t(0). What is the highest common divisor of y and d?
17
Suppose -2*i + 3*r - 12 = 0, i + 4 = -i + r. Suppose q + 3*q - 100 = i. What is the greatest common factor of q and 200?
25
Let f(b) = -b**2 - 75*b + 260. Let g be f(-76). What is the highest common factor of g and 276?
92
Let v be 20/(-200) - 2*10801/(-20). What is the highest common divisor of 630 and v?
90
Let h = 74 - 74. Suppose -4*z - 139 + 715 = h. Suppose -t + z = 5*t. Calculate the highest common divisor of 8 and t.
8
Let s(l) = 4*l**3 - l**2 + 42*l - 129. Let h be s(3). Calculate the greatest common factor of 876 and h.
12
Suppose 0 = 2*k - 4*d - 136, -86*k = -90*k - 5*d + 181. Suppose 4*q - 5*w = 1180 - 115, -5*q + 1347 = -w. What is the highest common divisor of k and q?
54
Let j be (7 + -5)*(-6)/(-30)*20/8. Calculate the highest common factor of j and 65.
1
Let g(f) = -f - 26. Let c be g(-8). Let h(p) = p**2 + 8*p + 3. Let r be h(7). Let l = r - c. Calculate the greatest common divisor of l and 14.
14
Suppose -20*g + 16*g + 1192 = -3*y, -3*g - 6 = 0. Let u = -370 - y. What is the greatest common factor of 170 and u?
10
Let k be ((14 - -6)/5)/(2/(-19)). Let b = -33 - k. Let z(d) = -d**2 + 3*d + 15. Let s be z(b). Calculate the highest common divisor of 35 and s.
5
Let q(c) = 15*c**2 - 199*c - 4385. Let a be q(-25). Calculate the greatest common divisor of 5 and a.
5
Suppose 0 = -6*t - 236 - 424. Let g = 146 + t. Calculate the greatest common divisor of g and 108.
36
Let k = -66 + 102. Let b be (k/(-16))/(3/(-4)). Suppose 0 = 5*w + 5*o - 5, 4*w = -b*o + 1 + 6. What is the highest common divisor of 20 and w?
4
Let k(r) be the third derivative of 27*r**4/8 + r**3 - 22*r**2 - 2. Let g be k(2). Calculate the highest common factor of g and 112.
56
Let i(y) = -6*y - 168. Let v be i(13). Let w = v + 336. What is the highest common factor of 35 and w?
5
Suppose y = 3*f - 36, 3*f + 4*y - 37 = 14. Suppose j + f = 37. Let w be (9/j*-4)/(2/(-12)). Calculate the highest common divisor of 54 and w.
9
Let t(x) = -x**2 + 18*x - 73. Let y be t(6). Let s be -1 - y/(6/120). What is the highest common factor of 437 and s?
19
Let d(x) = -4*x + 26. Let b be d(5). Let q be (106/b)/(38/114). Calculate the greatest common factor of q and 106.
53
Suppose -135*j + 5*w + 6788 = -133*j, 0 = -4*j + 5*w + 13556. Calculate the greatest common divisor of j and 141.
141
Let f = 151 + -146. Suppose 19 = 3*o - r, 4*r + 26 + 15 = f*o. Suppose -o*b + 184 - 64 = 0. What is the greatest common divisor of 40 and b?
8
Suppose -2*p = -x + 46, 65 = 3*x + p - 38. Let c = x - 32. Suppose -2*q - 24 = -2*k, -k = -3*q - q. What is the greatest common divisor of k and c?
4
Let o = -15 + -18. Let f be (0 + o/2)*(-2 - 2). What is the highest common divisor of 3 and f?
3
Let b be (3 - 2)*(-3 - -97 - -4). Let c be (-56)/16*7/(b/(-80)). Suppose -3*i + 70 = -c. What is the highest common divisor of 50 and i?
10
Suppose 16*s + 3952 = 8180 + 6716. What is the greatest common divisor of 12 and s?
12
Let a(q) = 84*q**2 - 286*q + 2. Let u be a(5). Suppose -h + 84 = 3*h. Calculate the highest common divisor of u and h.
21
Suppose 4*r - 2*h - 354 = 0, -108 = 4*r + 5*h - 483. Calculate the greatest common divisor of r and 4005.
45
Let p(c) = -413*c + 31428. Let z be p(76). Let b be 420*2/((-4)/(-2)). Calculate the highest common divisor of z and b.
20
Suppose 5*d - 42 = -22. Let j be 17 - 2 - 8/d. Suppose 15*w - 98 = j*w. What is the highest common factor of 14 and w?
7
Let u be (258/(-15))/((-52)/(-2496)*(-4)/10). What is the greatest common factor of u and 387?
129
Suppose -27*b - 160 = -2158. Suppose -b*j = -72*j - 308. What is the greatest common factor of j and 88?
22
Suppose -6*y = 4324 - 922. Let p = y + 820. What is the greatest common divisor of p and 11?
11
Suppose 4*o - s = 212, 8*s + 224 = 4*o + 4*s. Calculate the highest common divisor of o and 36.
4
Let d be 2/3 + (-5)/((-105)/26761). Calculate the highest common divisor of 250 and d.
25
Let w = 8473 + -8185. What is the greatest common divisor of w and 96?
96
Let u(l) = 12875*l - 115842. Let x be u(9). Suppose -1 = 3*d + 11, -20 = -4*n + 2*d. Let k = 0 + n. What is the highest common factor of k and x?
3
Suppose 67*n = 1783 + 5252. Suppose -6*z + 8 = -2*z. Suppose -n = -v - z*v. What is the highest common divisor of v and 385?
35
Let d(z) = -6 + z**2 + 36*z**3 - 15*z**3 - 17*z**3 + 11*z. Let p be d(3). Calculate the greatest common divisor of p and 96.
48
Let c = -157 - -160. Suppose -2*x = -3*t - 57, -5*x + c*x + 59 = -t. Calculate the greatest common divisor of 75 and x.
15
Let u(c) = 6 + 4 + 6*c - 14. Let w be u(8). Let j = 53 + -9. What is the highest common factor of j